{"id":1193,"date":"2024-11-13T13:16:58","date_gmt":"2024-11-13T13:16:58","guid":{"rendered":"https:\/\/gs-am-tannenplatz.de\/?page_id=1193"},"modified":"2024-11-13T13:16:58","modified_gmt":"2024-11-13T13:16:58","slug":"psychomotorik-sportstunde","status":"publish","type":"page","link":"https:\/\/gs-am-tannenplatz.de\/index.php\/psychomotorik-sportstunde\/","title":{"rendered":"Psychomotorik-Sportstunde"},"content":{"rendered":"\n<p>In der Psychomotorik-Sportstunde an der Grundschule am Tannenplatz verbessern ausgew\u00e4hlte Kinder ihre motorischen F\u00e4higkeiten und entwickeln ihr Selbstvertrauen. Ziel ist es, dass die Kinder Spa\u00df an Bewegung haben und ihre eigenen k\u00f6rperlichen M\u00f6glichkeiten entdecken. Durch gemeinsames Spielen lernen sie, sich besser in Gruppen einzuf\u00fcgen und R\u00fccksicht zu nehmen. Die \u00dcbungen f\u00f6rdern das K\u00f6rpergef\u00fchl, die Balance und die Koordination. So wird jedes Kind in seiner Entwicklung gest\u00e4rkt und erh\u00e4lt Unterst\u00fctzung f\u00fcr ein ausgeglichenes und positives Selbstbild.<\/p>\n\n\n\n<p><\/p>\n","protected":false},"excerpt":{"rendered":"<p>In der Psychomotorik-Sportstunde an der Grundschule am Tannenplatz verbessern ausgew\u00e4hlte Kinder ihre motorischen F\u00e4higkeiten und entwickeln ihr Selbstvertrauen. Ziel ist es, dass die Kinder Spa\u00df&hellip;<\/p>\n","protected":false},"author":4,"featured_media":0,"parent":0,"menu_order":0,"comment_status":"closed","ping_status":"closed","template":"","meta":{"footnotes":""},"class_list":["post-1193","page","type-page","status-publish","hentry"],"_links":{"self":[{"href":"https:\/\/gs-am-tannenplatz.de\/index.php\/wp-json\/wp\/v2\/pages\/1193","targetHints":{"allow":["GET"]}}],"collection":[{"href":"https:\/\/gs-am-tannenplatz.de\/index.php\/wp-json\/wp\/v2\/pages"}],"about":[{"href":"https:\/\/gs-am-tannenplatz.de\/index.php\/wp-json\/wp\/v2\/types\/page"}],"author":[{"embeddable":true,"href":"https:\/\/gs-am-tannenplatz.de\/index.php\/wp-json\/wp\/v2\/users\/4"}],"replies":[{"embeddable":true,"href":"https:\/\/gs-am-tannenplatz.de\/index.php\/wp-json\/wp\/v2\/comments?post=1193"}],"version-history":[{"count":1,"href":"https:\/\/gs-am-tannenplatz.de\/index.php\/wp-json\/wp\/v2\/pages\/1193\/revisions"}],"predecessor-version":[{"id":1194,"href":"https:\/\/gs-am-tannenplatz.de\/index.php\/wp-json\/wp\/v2\/pages\/1193\/revisions\/1194"}],"wp:attachment":[{"href":"https:\/\/gs-am-tannenplatz.de\/index.php\/wp-json\/wp\/v2\/media?parent=1193"}],"curies":[{"name":"wp","href":"https:\/\/api.w.org\/{rel}","templated":true}]}}