{"id":280,"date":"2023-06-12T09:02:37","date_gmt":"2023-06-12T09:02:37","guid":{"rendered":"https:\/\/gs-am-tannenplatz.de\/?page_id=280"},"modified":"2024-11-23T17:49:28","modified_gmt":"2024-11-23T17:49:28","slug":"schulsozialarbeit","status":"publish","type":"page","link":"https:\/\/gs-am-tannenplatz.de\/index.php\/schulsozialarbeit\/","title":{"rendered":"Schulsozialarbeit"},"content":{"rendered":"\n<h3 class=\"wp-block-heading\">Schulsozialarbeit Grundschule am Tannenplatz &#8211; ein Angebot der Stadt Ulm<\/h3>\n\n\n\n<h4 class=\"wp-block-heading\"><strong>Unsere Aufgaben<\/strong><\/h4>\n\n\n\n<div class=\"wp-block-columns is-layout-flex wp-container-core-columns-is-layout-9d6595d7 wp-block-columns-is-layout-flex\">\n<div class=\"wp-block-column is-layout-flow wp-block-column-is-layout-flow\">\n<p>Beratung f\u00fcr Sch\u00fclerinnen und Sch\u00fcler, Eltern, Lehrkr\u00e4fte<br>&#8211; Umgang mit Konflikten<br>&#8211; Schulangst<br>&#8211; bei Problemen in der Schule und\/oder zu Hause<\/p>\n\n\n\n<p>Klassenangebote<br>&#8211; St\u00e4rkung der Klassengemeinschaft<br>&#8211; Unterst\u00fctzung im Klassenrat<br>&#8211; Umgang mit Konflikten<\/p>\n\n\n\n<p>Unsere Prinzipien<br>&#8211; Freiwilligkeit<br>&#8211; Vertraulichkeit<br>&#8211; Offenheit<\/p>\n<\/div>\n\n\n\n<div class=\"wp-block-column is-layout-flow wp-block-column-is-layout-flow\"><\/div>\n<\/div>\n\n\n\n<h4 class=\"wp-block-heading\"><strong>Ansprechpartner<\/strong><\/h4>\n\n\n\n<div class=\"wp-block-columns is-layout-flex wp-container-core-columns-is-layout-9d6595d7 wp-block-columns-is-layout-flex\">\n<div class=\"wp-block-column is-layout-flow wp-block-column-is-layout-flow\">\n<p><strong>Laura Kolb <br><\/strong>Mail: l.kolb[at]ulm.de<br>Tel.: 0731\/161-7791<br>Mobil: 0176\/16100140<br>Montag 9:00-12:30 Uhr<br>Mittwoch 9:00-12:30 Uhr<br>Donnerstag 9:00-12:30 Uhr<br>Freitag 9:00-12:30 Uhr, 13:30-15:00 Uhr<br><br>Raum 0.04<\/p>\n<\/div>\n\n\n\n<div class=\"wp-block-column is-layout-flow wp-block-column-is-layout-flow\">\n<p><strong>Carima McIlhone <br><\/strong>Mail: c.mcilhone[at]ulm.de<br>Tel.: 0731\/161-7791<br>Mobil: 0176\/16100156<br>Montag bis Donnerstag 8:00-12:00 Uhr<br><br>Raum 0.04<\/p>\n<\/div>\n<\/div>\n\n\n\n<p><\/p>\n","protected":false},"excerpt":{"rendered":"<p>Schulsozialarbeit Grundschule am Tannenplatz &#8211; ein Angebot der Stadt Ulm Unsere Aufgaben Beratung f\u00fcr Sch\u00fclerinnen und Sch\u00fcler, Eltern, Lehrkr\u00e4fte&#8211; Umgang mit Konflikten&#8211; Schulangst&#8211; bei Problemen&hellip;<\/p>\n","protected":false},"author":4,"featured_media":0,"parent":0,"menu_order":0,"comment_status":"closed","ping_status":"closed","template":"","meta":{"footnotes":""},"class_list":["post-280","page","type-page","status-publish","hentry"],"_links":{"self":[{"href":"https:\/\/gs-am-tannenplatz.de\/index.php\/wp-json\/wp\/v2\/pages\/280","targetHints":{"allow":["GET"]}}],"collection":[{"href":"https:\/\/gs-am-tannenplatz.de\/index.php\/wp-json\/wp\/v2\/pages"}],"about":[{"href":"https:\/\/gs-am-tannenplatz.de\/index.php\/wp-json\/wp\/v2\/types\/page"}],"author":[{"embeddable":true,"href":"https:\/\/gs-am-tannenplatz.de\/index.php\/wp-json\/wp\/v2\/users\/4"}],"replies":[{"embeddable":true,"href":"https:\/\/gs-am-tannenplatz.de\/index.php\/wp-json\/wp\/v2\/comments?post=280"}],"version-history":[{"count":12,"href":"https:\/\/gs-am-tannenplatz.de\/index.php\/wp-json\/wp\/v2\/pages\/280\/revisions"}],"predecessor-version":[{"id":1229,"href":"https:\/\/gs-am-tannenplatz.de\/index.php\/wp-json\/wp\/v2\/pages\/280\/revisions\/1229"}],"wp:attachment":[{"href":"https:\/\/gs-am-tannenplatz.de\/index.php\/wp-json\/wp\/v2\/media?parent=280"}],"curies":[{"name":"wp","href":"https:\/\/api.w.org\/{rel}","templated":true}]}}

<h3 class="wp-block-heading">Schulsozialarbeit Grundschule am Tannenplatz &#8211; ein Angebot der Stadt Ulm</h3>



<h4 class="wp-block-heading"><strong>Unsere Aufgaben</strong></h4>



<div class="wp-block-columns is-layout-flex wp-container-core-columns-is-layout-9d6595d7 wp-block-columns-is-layout-flex">
<div class="wp-block-column is-layout-flow wp-block-column-is-layout-flow">
<p>Beratung für Schülerinnen und Schüler, Eltern, Lehrkräfte<br>&#8211; Umgang mit Konflikten<br>&#8211; Schulangst<br>&#8211; bei Problemen in der Schule und/oder zu Hause</p>



<p>Klassenangebote<br>&#8211; Stärkung der Klassengemeinschaft<br>&#8211; Unterstützung im Klassenrat<br>&#8211; Umgang mit Konflikten</p>



<p>Unsere Prinzipien<br>&#8211; Freiwilligkeit<br>&#8211; Vertraulichkeit<br>&#8211; Offenheit</p>
</div>



<div class="wp-block-column is-layout-flow wp-block-column-is-layout-flow"></div>
</div>



<h4 class="wp-block-heading"><strong>Ansprechpartner</strong></h4>



<div class="wp-block-columns is-layout-flex wp-container-core-columns-is-layout-9d6595d7 wp-block-columns-is-layout-flex">
<div class="wp-block-column is-layout-flow wp-block-column-is-layout-flow">
<p><strong>Laura Kolb <br></strong>Mail: l.kolb[at]ulm.de<br>Tel.: 0731/161-7791<br>Mobil: 0176/16100140<br>Montag 9:00-12:30 Uhr<br>Mittwoch 9:00-12:30 Uhr<br>Donnerstag 9:00-12:30 Uhr<br>Freitag 9:00-12:30 Uhr, 13:30-15:00 Uhr<br><br>Raum 0.04</p>
</div>



<div class="wp-block-column is-layout-flow wp-block-column-is-layout-flow">
<p><strong>Carima McIlhone <br></strong>Mail: c.mcilhone[at]ulm.de<br>Tel.: 0731/161-7791<br>Mobil: 0176/16100156<br>Montag bis Donnerstag 8:00-12:00 Uhr<br><br>Raum 0.04</p>
</div>
</div>



<p></p>

<p>Schulsozialarbeit Grundschule am Tannenplatz &#8211; ein Angebot der Stadt Ulm Unsere Aufgaben Beratung für Schülerinnen und Schüler, Eltern, Lehrkräfte&#8211; Umgang mit Konflikten&#8211; Schulangst&#8211; bei Problemen&hellip;</p>
